site number?
False
Is 2096047 prime?
True
Is 108863 prime?
True
Is 213497555 a composite number?
True
Is 74273497 composite?
False
Is 200806 composite?
True
Is 8153287 a composite number?
False
Is 817069 a composite number?
True
Is 5704429 a composite number?
True
Is 159109963 prime?
False
Is 1658611 a prime number?
True
Is 30398063 composite?
False
Is 128324069 composite?
False
Is 261769 composite?
True
Is 117113129 prime?
False
Is 39253213 a composite number?
False
Is 209579801 composite?
False
Is 756449 prime?
False
Is 45641 composite?
False
Is 302179873 prime?
False
Is 12461483 prime?
True
Is 5493349 prime?
True
Is 3989261 a composite number?
False
Is 9100331 a prime number?
False
Is 21646433 a composite number?
False
Is 144508787 a prime number?
False
Is 225955693 prime?
True
Is 37350479 prime?
False
Is 365748007 a composite number?
False
Is 46932541 a composite number?
False
Is 3005273 a composite number?
True
Is 3209601 prime?
False
Is 13786423 prime?
False
Is 625495951 composite?
True
Is 15473219 a prime number?
True
Is 125892254 prime?
False
Is 19994503 composite?
False
Is 95832061 prime?
False
Is 1406830391 composite?
True
Is 12614981 composite?
True
Is 15437287 composite?
True
Is 20604931 a prime number?
True
Is 222050497 composite?
False
Is 72555449 prime?
True
Is 101360237 a prime number?
False
Is 30619453 a composite number?
False
Is 9824473 composite?
True
Is 51529847 composite?
True
Is 5482291 composite?
False
Is 13747147 composite?
False
Is 23897455 a composite number?
True
Is 858437 a composite number?
True
Is 320343 composite?
True
Is 588821 prime?
False
Is 10685149 a composite number?
False
Is 4574657 a composite number?
True
Is 149148463 composite?
True
Is 119117051 a prime number?
True
Is 255925751 prime?
True
Is 8739583 composite?
False
Is 140024173 composite?
False
Is 78135643 a prime number?
True
Is 7756559 a composite number?
False
Is 2232439 a prime number?
False
Is 32333437 a composite number?
False
Is 28712279 a prime number?
True
Is 1238439611 prime?
False
Is 4808689 prime?
False
Is 5053431 a composite number?
True
Is 35280317 prime?
False
Is 15873367 a composite number?
False
Is 3959017 a composite number?
True
Is 217264927 a composite number?
True
Is 41163359 a prime number?
False
Is 546934103 a prime number?
False
Is 43372841 composite?
False
Is 865367 a prime number?
False
Is 2945101 composite?
False
Is 23970526 composite?
True
Is 221345879 a prime number?
True
Is 8514343 a composite number?
False
Is 421561 prime?
False
Is 1885273 a composite number?
True
Is 31747973 prime?
True
Is 46239833 a composite number?
True
Is 266288531 a prime number?
True
Is 16072681 a prime number?
True
Is 91419485 prime?
False
Is 173454815 a composite number?
True
Is 45459499 composite?
False
Is 30331727 prime?
False
Is 8351061 a prime number?
False
Is 30198257 a prime number?
True
Is 7661593 a composite number?
True
Is 1650743 composite?
False
Is 25577683 a prime number?
True
Is 16488415 a composite number?
True
Is 28259579 a composite number?
False
Is 632101 a composite number?
False
Is 21799171 composite?
True
Is 116017933 prime?
False
Is 139565071 prime?
True
Is 18002339 a prime number?
False
Is 2952109 a composite number?
True
Is 10215455 composite?
True
Is 8172811 a composite number?
True
Is 9854699 prime?
True
Is 26242493 composite?
True
Is 39418607 prime?
True
Is 2445871 prime?
False
Is 6146337 a composite number?
True
Is 27404599 composite?
False
Is 4062367 a prime number?
False
Is 974203 a composite number?
True
Is 67230733 a prime number?
False
Is 504308573 prime?
True
Is 30652571 a composite number?
False
Is 2320627 composite?
False
Is 381819029 a composite number?
False
Is 31901123 composite?
True
Is 16555243 prime?
False
Is 6635183 a prime number?
False
Is 616259 prime?
False
Is 1785667805 prime?
False
Is 267927731 a prime number?
True
Is 9603491 a prime number?
False
Is 804001 composite?
True
Is 19855471 a composite number?
False
Is 35080553 a prime number?
True
Is 105754459 composite?
False
Is 47577347 a composite number?
False
Is 33528971 a prime number?
False
Is 9360137 prime?
False
Is 174818809 a composite number?
True
Is 328359277 prime?
True
Is 4787203 composite?
True
Is 12676991 composite?
False
Is 9710903 prime?
True
Is 25740671 composite?
True
Is 851917 a composite number?
True
Is 21347617 a composite number?
True
Is 290714978 prime?
False
Is 1200607 composite?
False
Is 94927051 composite?
False
Is 2945123 prime?
True
Is 49104751 prime?
True
Is 415286473 a prime number?
False
Is 657115139 a prime number?
True
Is 160885273 a composite number?
False
Is 4249391 prime?
True
Is 71964107 prime?
False
Is 1213757 composite?
False
Is 3104993 a composite number?
True
Is 56489915 a composite number?
True
Is 10949 composite?
False
Is 705559 a prime number?
True
Is 45925667 composite?
False
Is 43655959 prime?
False
Is 481779107 a prime number?
True
Is 900001 a prime number?
True
Is 29406409 composite?
False
Is 234126049 composite?
False
Is 37124117 a composite number?
False
Is 10107007 composite?
True
Is 295968091 prime?
True
Is 8870179 a prime number?
True
Is 11121589 a composite number?
False
Is 19860277 a composite number?
True
Is 62299829 composite?
False
Is 111917591 prime?
False
Is 6064715 prime?
False
Is 3479177 a prime number?
False
Is 12998491 prime?
False
Is 5032649 a composite number?
False
Is 1089299 a prime number?
True
Is 29195 prime?
False
Is 261631 a composite number?
False
Is 80398819 a prime number?
True
Is 38261989 prime?
False
Is 4335673 composite?
True
Is 689899807 composite?
False
Is 646122031 prime?
True
Is 552955001 composite?
False
Is 9347257 a prime number?
True
Is 153247 a composite number?
False
Is 158518291 a prime number?
True
Is 6511919 prime?
False
Is 5087699 prime?
True
Is 160949631 prime?
False
Is 24862907 a prime number?
True
Is 64940737 a prime number?
False
Is 310322833 composite?
True
Is 8037023 composite?
False
Is 18216017 a composite number?
False
Is 3047855 prime?
False
Is 7706653 prime?
False
Is 39571361 prime?
True
Is 81595039 a composite number?
False
Is 15227815 prime?
False
Is 5132423 a composite number?
True
Is 91984829 a composite number?
False
Is 2428313 prime?
True
Is 152370551 composite?
True
Is 2723233 composite?
True
Is 1240573 a composite number?
True
Is 13391645 composite?
True
Is 13741183 composite?
False
Is 2299729 composite?
True
Is 25935439 a composite number?
False
Is 61091354 prime?
False
Is 49537651 prime?
True
Is 2544595 composite?
True
Is 203955029 a composite number?
False
Is 4480291 a prime number?
True
Is 40756094 composite?
True
Is 385436011 composite?
False
Is 8083997 prime?
True
Is 89897569 a composite number?
True
Is 2412073 composite?
False
Is 10373771 prime?
True
Is 10112961 prime?
False
Is 2080781 composite?
True
Is 111443006 a prime number?
False
Is 16594187 composite?
True
Is 150678217 composite?
True
Is 23265097 prime?
False
Is 6748577 a composite number?
True
Is 962737 a prime number?
True
Is 5089811 composite?
False
Is 22365349 composite?
False
Is 459762739 composite?
True
Is 2338667 prime?
True
Is 4811143 a composite number?
True
Is 1137659 prime?
True
Is 35072227 composite?
False
Is 215874193 a prime number?
False
Is 2212655 prime?
False
Is 9539003 prime?
True
Is 626581 prime?
True
Is 1171957 prime?
True
Is 21666863 a composite number?
False
Is 38954381 a composite number?
False
Is 4611851 a composite number?
True
Is 15648523 a prime number?
False
Is 52786663 composite?
False
Is 25688977 composite?
False
Is 1623701 prime?
True
Is 52571779 a prime number?
False
Is 6735977 composite?
False
Is 20663309 a prime number?
True
Is 26793757 a composite number?
False
Is 2213531 prime?
True
Is 411414401 a composite number?
True
Is 303226801 a prime number?
True
Is 302745853 a composite number?
False
Is 347489 a prime number?
True
Is 13770709 prime?
True
Is 64302583 prime?
False
Is 138180379 a prime number?
False
Is 24554359 a composite number?
False
Is 3627669 a prime number?
False
Is 1485791 prime?
False
Is 3197081 a prime number?
False
Is 1503517 a prime number?
True
Is 150949063 prime?
False
Is 11658949 composite?
False
Is 706387 a prime number?
False
Is 16289831 prime?
False
Is 81935521 a composite number?
False
Is 89206211 composite?
False
Is